test common factor of 70 and i.
14
Let d = -9 + 7. Let t be (16 - 15)/(d/(-8)). What is the highest common factor of 4 and t?
4
Let w be -12*7/((-28)/6). Suppose 5*x - 12 = 18. What is the greatest common divisor of x and w?
6
Suppose -w + 3*r = -28, -w + 14 = r + 3*r. What is the greatest common divisor of 286 and w?
22
Let r be 2 - 3/3*-298. Let k = -168 + r. What is the highest common factor of k and 12?
12
Let u be (-1536)/(-45) + (-16)/120. What is the highest common factor of 85 and u?
17
Let x be (-2)/8 - 22/8. Let j be 6/9*25*x. Let i = -32 - j. What is the greatest common factor of 126 and i?
18
Let k(i) be the first derivative of -i**2/2 + 22*i + 4. Let o be k(15). What is the greatest common divisor of 7 and o?
7
Let h(o) = 32*o + 3. Let d be h(3). Let s = 7 + 4. Suppose 5*y - s = 34. What is the highest common factor of d and y?
9
Let j be (6 - 2)*3/6. Let r = 14 + j. What is the greatest common divisor of 32 and r?
16
Let c = -8 - -8. Suppose -2*n + 16 + 10 = c. Suppose -5*s = -10*s + 585. What is the greatest common divisor of n and s?
13
Suppose 0 = -5*h - 5*t + 21 + 19, -5*h + 3*t + 16 = 0. Suppose 5*a - 5*y = 5, -a = -2*a + h*y - 7. What is the greatest common divisor of a and 21?
3
Suppose 0 = 22*f - 25*f + 30. What is the greatest common factor of 30 and f?
10
Suppose 2*a - 10 = 4*b, -1 = -5*a - b - b. Let g be 12/42*(a + 6). Suppose 30 = g*m + m. Calculate the greatest common divisor of 20 and m.
10
Suppose -5*g + 4 = -s - 9, 8 = 2*g. Let u = -6 + s. What is the highest common divisor of u and 4?
1
Let a(o) = -2*o**3 - 10*o**2 - 6*o - 2. Let r be a(-5). Calculate the highest common factor of r and 308.
28
Suppose 0*t - 39 = -3*t. Let o = -84 - -58. Let m be (0 + 0 + o)*-4. Calculate the greatest common divisor of t and m.
13
Suppose 116 = -6*g - 100. Let n be (-24)/g + (-32)/(-6). Calculate the greatest common divisor of n and 15.
3
Let l(i) = -2*i**3 - 4*i**2 - 3*i - 2. Let n be l(-2). Suppose 45 - 221 = -2*m - 4*u, -u = n. What is the greatest common factor of 12 and m?
12
Let b be ((-7)/(-3))/(5/60). Suppose -b + 8 = -5*v. Suppose n = -3*j - v*n + 187, 3*j = 2*n + 152. Calculate the highest common factor of 18 and j.
18
Let h(r) = -101*r + 3. Let g be h(-4). Suppose 0 = -4*a - 151 + g. Calculate the highest common factor of a and 16.
16
Let k be 6*(-16)/(-12) + 3. Suppose 2*a + 3 = 5. What is the highest common divisor of k and a?
1
Let u(a) = a**3 - 5*a**2 + a + 6. Let g be u(5). Calculate the highest common factor of g and 88.
11
Suppose 2*p - k = p + 12, 0 = 5*p + 5*k - 20. Let s be -1 + 2*(-1)/(-2). Suppose s = 4*t - 3 - 13. What is the highest common factor of t and p?
4
Let r(y) = y + 6. Let m be r(-6). Let i be (-2 + m)*(-306)/4. What is the greatest common factor of i and 17?
17
Let b(p) = 2*p**3 + 31*p**2 + 31*p - 18. Let d be b(-14). Calculate the greatest common divisor of 17 and d.
17
Let i be (-4)/6*(-15)/2. Let z(t) = t**3 - 4*t**2 - 4*t + 6. Let r be z(i). Calculate the highest common factor of 11 and r.
11
Let h = 7 - 3. Suppose n - 45 = -3*t + 4*n, -h*t + n + 60 = 0. Let b be -10*(-4)/((-16)/(-54)). Calculate the highest common divisor of t and b.
15
Let c be (-3)/2 + 1134/28. What is the highest common factor of 13 and c?
13
Let v(g) = g + 2. Let u be v(0). Let f(j) = 2*j**2 - j + 3*j - 3*j**2 - 2 + 14*j**3. Let r be f(u). Calculate the highest common divisor of r and 10.
10
Suppose -5*w + 550 = -3*w. Calculate the highest common factor of w and 25.
25
Suppose 3*y = 4*y - 364. Suppose -3*c = -7*c + y. Calculate the greatest common factor of c and 13.
13
Suppose 16*q = 12*q + 96. Calculate the greatest common factor of 48 and q.
24
Suppose 3*o - 9 = -q, 2*q - 1 = 3*q - 2*o. What is the highest common divisor of 2 and q?
1
Suppose -4 = -k - 0*k. Suppose 3*v - 289 = k*z - 829, 405 = 3*z - 2*v. Calculate the highest common divisor of z and 15.
15
Let z be (1/(-3))/(12/(-144)). What is the greatest common divisor of z and 2?
2
Let o = -8 - -15. Let m = -35 - -63. Calculate the greatest common divisor of m and o.
7
Suppose -3*n = 4*o + o + 47, 0 = 3*n - 4*o + 38. Let w = 52 - n. What is the greatest common factor of 6 and w?
6
Let m be 0 + (-3 - 3/3). Let g be 14/4*(-8)/m. Let s = -32 - -109. What is the greatest common factor of g and s?
7
Let n(c) = -c**2 + c**3 + 2*c + c + 6*c**2 + 2. Let a be n(-2). Calculate the highest common divisor of 8 and a.
8
Suppose 4*a = 2*a. Let k be a + 0*3/(-9). Suppose -4*r + 17 - 1 = k. Calculate the greatest common divisor of 28 and r.
4
Let h(a) = a**2 + 32*a + 28. Let n be h(-32). What is the greatest common factor of n and 42?
14
Suppose z = 3, 0 = -2*f - 3*z + z + 66. Let l = -7 + 12. Suppose -u = -5*a + u + 106, l*a + 4*u - 88 = 0. Calculate the highest common divisor of f and a.
10
Let b = 34 + -16. Let f = b + -9. What is the greatest common factor of 99 and f?
9
Suppose 4*g = 440 + 200. Calculate the greatest common factor of 20 and g.
20
Let z be (4/5)/(5/(-25)). Let v be (-132)/(-9) + z/6. Suppose -2*x + h + 124 = -x, 0 = 2*x + 5*h - 262. What is the greatest common divisor of x and v?
14
Suppose -3*w = 2*w - 60. Let t be (-12)/16 + 105/w. Suppose -j + 80 = 4*j. What is the greatest common divisor of j and t?
8
Let i(x) = x**2 + x + 13. Let n be i(0). Let p = 60 - 5. Let z = p - -49. Calculate the highest common divisor of z and n.
13
Let x(p) = -2*p + 49. Let m be x(20). What is the highest common divisor of 1 and m?
1
Let u = 10 + -13. Let q = u - -12. Calculate the greatest common factor of 99 and q.
9
Let d(p) = -p**2 - p + 38. Let h be d(0). Suppose -4*x = -287 + 19. Let s = x + h. Calculate the greatest common factor of 15 and s.
15
Let l(d) = -2*d + 6 + 4*d**2 - 7*d - 5*d**2 + 0*d**2. Let x = -27 + 19. Let f be l(x). Calculate the highest common divisor of f and 14.
14
Let v(f) = f**2 - 2. Let k be v(2). Suppose 28 + 35 = 3*d. Suppose p - 3*c + 6 = c, -3*p = c - d. What is the greatest common factor of p and k?
2
Let c be 7*((-1 - -1) + 1). Let b(y) = -y + 4. Let i be b(-3). What is the highest common factor of c and i?
7
Let n be (-2)/(-3) - (-246)/9. Let k be (-1 + -1)/2*-252. What is the highest common divisor of n and k?
28
Suppose -3*l + 3 = -0. Suppose 21 - l = 4*c. Let n(w) = 6*w - 3. Let r be n(3). What is the greatest common factor of r and c?
5
Let o(c) = -c**3 + 4*c**2 - 4*c + 2. Let q be o(2). Let x = 4 - q. Let h = x - 1. What is the highest common factor of h and 2?
1
Suppose 3*k + 65 = 8*k. Suppose -5*z = 7*c - 3*c - 114, 3*z - 6 = 0. Calculate the greatest common divisor of c and k.
13
Suppose -7*b = 6*b - 1716. Calculate the highest common factor of 11 and b.
11
Suppose -3 = f - 5. Let t be (1/f)/((-6)/(-1188)). What is the greatest common divisor of t and 9?
9
Let p(g) = g**2 - g + 2. Let a be p(3). Suppose -3*m - 130 = -a*m. Suppose 0 = -3*k + 63 + 132. What is the highest common divisor of k and m?
13
Suppose -2*x = 3*x - 290. Let z = x + -86. Let n = -17 - z. What is the highest common factor of 11 and n?
11
Let u(c) = c - 6. Let f be u(8). Suppose -d = -l - 3*l - 19, 2 = -f*d - 2*l. Calculate the greatest common factor of d and 33.
3
Suppose 265 = 3*x - 335. Suppose -x = -2*n - 40. Let z = -61 - -93. What is the highest common divisor of n and z?
16
Suppose 5*v - 39 = 61. Let b be -6 + 2 + v/1. What is the highest common divisor of 8 and b?
8
Let l be (-1 - -3)/(-2)*1. Let n be l/(-3) - (-3)/(-9). Suppose -d - 4*d + 805 = n. Calculate the highest common divisor of 23 and d.
23
Suppose 10 = 4*v - 30. What is the highest common divisor of 30 and v?
10
Let q = 4 - 1. Let d(x) = 5*x - 2*x**2 + 0*x + q*x**2 + 1. Let t be d(-6). Calculate the highest common factor of t and 49.
7
Let o(s) = -s. Let u(f) = -4*f. Let l(c) = 6*o(c) - 2*u(c). Let r be l(4). Suppose -12 - 12 = -2*h. Calculate the greatest common factor of h and r.
4
Suppose -2*x = -0*x + 3*f - 9, x - 8 = -5*f. Calculate the greatest common divisor of 6 and x.
3
Suppose y = 3*s + 1, 2*s + 5 = 2*y - 1. What is the greatest common divisor of 4 and s?
1
Suppose 3*o = -3*h - 21, -1 = 4*h + 15. Let t be (-38)/o - (-4)/12. What is the greatest common factor of t and 39?
13
Suppose 1227 = 14*v - 1125. Calculate the highest common factor of 48 and v.
24
Suppose 147 - 57 = 5*u. Suppose